0
Suppose 36 = 7*w - 209. Let g be (-1252)/(-12) - 2/(-3). Calculate the highest common factor of w and g.
35
Suppose 28*q + 49*q = -30*q + 28890. Calculate the greatest common divisor of 2110 and q.
10
Suppose 83*d - 378 - 4104 = 0. Calculate the highest common divisor of d and 9018.
54
Let s = 106 + -116. Let b be 96/5 + (19 + s)/(-45). What is the greatest common factor of b and 76?
19
Suppose 5*g - 3*r - 45 = 267, 5*r + 310 = 5*g. Suppose b = 2*c + 5, -3*c + 4*c - 8 = -b. Calculate the greatest common divisor of b and g.
7
Let v(h) = -4*h**2 - 4 + h**2 + 10*h - h**2 + 6*h**3 + h. Let q be v(4). Suppose -48 = 13*g - q. What is the greatest common divisor of g and 264?
24
Let l = -10896 + 10919. What is the highest common factor of 19665 and l?
23
Let r be (-3)/(-4)*((-6)/2 + 39). Let t be 18 + 0 + -29 + r. Let a(f) = 176*f**3 + f**2 - f. Let y be a(1). What is the highest common factor of t and y?
16
Let i be ((-4)/8)/(3 - (-220)/(-72)). Let k(p) = 2*p**3 + p**2 - 28*p - 8. Let r be k(7). What is the greatest common factor of i and r?
9
Let r(z) = 2*z - 4. Let j be 10/(-70) - 142/(-14). Let p be r(j). Suppose 65*f - 56*f = 144. Calculate the highest common factor of p and f.
16
Let m = 323 - 106. Let n(r) = -r**2 - 5*r + 1. Let f be n(-2). Calculate the greatest common divisor of m and f.
7
Suppose -3*z = -3*k + 8786 + 2542, -3*k + 11327 = -2*z. Calculate the greatest common divisor of k and 25.
25
Let x = -233 + 264. Let d(h) = -h**3 - 46*h**2 - 45*h + 93. Let s be d(-45). What is the greatest common divisor of s and x?
31
Let c = -47851 + 67211. Calculate the highest common factor of 10 and c.
10
Suppose j = -2*c - 0*c + 86, 0 = 2*j - 2*c - 184. Let w(g) = -g**3 - 3*g - 5. Let m be w(-2). Calculate the greatest common factor of m and j.
9
Suppose 5*h - 21 + 11 = 0. Suppose -2*p + q + 49 = 0, -43 = -4*p - 2*q + 35. Calculate the highest common divisor of p and h.
2
Let n(h) = h**2 + 47*h - 82. Let p be n(18). Calculate the highest common divisor of 238 and p.
34
Let i(y) = 3*y**2 + 3*y - 13. Let q be i(3). Let a = 2769 - 2378. What is the highest common divisor of a and q?
23
Suppose 5*i - 6165 = -5*u, 2*i + 1233 = 39*u - 38*u. Calculate the highest common factor of u and 548.
137
Suppose 0 = -3*p + 4*p - 25. Let y be (122 - (1 + 3))*-1. Let r = y + 243. Calculate the greatest common divisor of p and r.
25
Suppose -121*r + 19536 = -1155. What is the highest common divisor of 9 and r?
9
Let g = 54 + -33. Suppose -13 = -9*l + 14. Suppose l*o = 2*y - y + 318, -4*o + 411 = 3*y. What is the highest common divisor of g and o?
21
Let d be (-1)/((-15)/(-303)) - 20/25. Let u = -14 - d. Suppose 0 = -o + 3 - 2. Calculate the highest common factor of o and u.
1
Let y = 3935 - 3889. Calculate the highest common divisor of 14237 and y.
23
Let w(x) = x**3 - 46*x**2 + 450*x - 58. Let y be w(32). Calculate the greatest common factor of 7158 and y.
6
Suppose -15*z - 340 = -20*z. Suppose 10*r + 3*q = 8*r + z, -3*r + 112 = 2*q. Calculate the highest common factor of r and 5.
5
Suppose 3*x + 336 = 3*a - 3849, a + 5*x = 1377. What is the highest common divisor of a and 372?
12
Suppose -3*p - u + 746 = 0, -5*p = -10*u + 9*u - 1238. Calculate the greatest common factor of 128 and p.
8
Let a = 6570 + -6159. Calculate the greatest common divisor of a and 10823.
137
Suppose -3*t - 30 + 99 = 0. Let k = 740 + -734. Suppose l = 5*u - 1037, -412 = -k*u + 4*u - l. What is the greatest common factor of u and t?
23
Let t be 113 + (10/(-5))/(2 + -1). Let g = t + -101. Calculate the highest common factor of 80 and g.
10
Let v be (7 + -55 + 12)*-10. What is the greatest common factor of 280 and v?
40
Let q(a) = 96*a - 1177. Let z be q(17). Calculate the highest common factor of z and 364.
91
Let q be 7 - 28/8 - (-2)/(-4). Let r be q/(-6)*(-10 + -8). What is the greatest common factor of 6 and r?
3
Let h(x) be the second derivative of 3*x**3 + 44*x**2 - x + 49. Let s be h(0). What is the greatest common factor of s and 8?
8
Let c(f) = f**3 + 3*f**2 + 2*f - 23. Let u = 116 - 109. Let l be c(u). What is the greatest common divisor of 37 and l?
37
Suppose a = 7 + 5. Suppose a = -13*b + 38. Let x be ((-12)/(-5) + -4)/(b/(-35)). What is the greatest common divisor of x and 98?
14
Let w be (-1)/3 + (-230)/(-6). Let z = 276 + -282. Let l = w - z. Calculate the highest common divisor of 4 and l.
4
Suppose 254 = 7*w + 506. Let t be ((-640)/w - -4) + (-4)/(-18). Calculate the highest common divisor of t and 88.
22
Let f be (70/8 - 8) + ((-170973)/(-4))/9. What is the highest common divisor of f and 76?
38
Let d(h) = -1198*h - 9990. Let y be d(-9). Calculate the greatest common factor of 1296 and y.
72
Let l = -18981 + 41361. What is the greatest common divisor of 120 and l?
60
Let q be -5*(-6)/15*6. Let m be (3 - 1) + (q - -1). Let h = -889 + 904. What is the greatest common factor of m and h?
15
Let p be -3*(-24)/(-54)*3*-4. Suppose -84 = p*q - 468. Calculate the highest common divisor of q and 3.
3
Let r(l) = -3*l**2 + 62*l - 14. Let s be r(13). Let c = 577 - s. What is the highest common divisor of c and 4?
4
Let i(k) be the first derivative of 1 - 9/2*k**2 + 4*k + 8/3*k**3. Let o be i(4). Calculate the highest common factor of o and 12.
12
Let w = 1092 - 646. Suppose -2*p + w = 5*u, 3*u - 3*p - 264 = -6*p. Calculate the greatest common divisor of 30 and u.
30
Let p be (-1 - -4) + (11 - 3) + -6. Let j be 2017/p - (-172)/(-430). Calculate the greatest common divisor of 52 and j.
13
Let h(x) = -x**2 + 48*x - 483. Let a be h(30). Suppose -224 = 7*i - 889. What is the greatest common factor of a and i?
19
Let j = -1949 - -1350. Let y = j + 655. What is the greatest common divisor of 700 and y?
28
Let r be ((-2)/6)/((-10)/(-3090)). Let k = r - -107. Calculate the highest common divisor of k and 92.
4
Suppose -r + 69 = 3*l + 2, 4*r = 16. Let o be ((-2)/((-16)/118))/(2/(-8)). Let v = -38 - o. Calculate the greatest common divisor of v and l.
21
Suppose 837*m - 847*m = -1060. What is the highest common divisor of 3127 and m?
53
Suppose 24 = -s + 4*s. Let b(n) = 0*n**3 - 13*n + 4*n**3 + 10*n**2 - 2 + 0*n**3 - 3*n**3. Let z be b(-11). Calculate the highest common factor of z and s.
4
Let q = 1747 + -1043. Suppose -33*o = -17*o - q. Suppose -27 = r - 93. Calculate the highest common divisor of r and o.
22
Let r = 22999 - 22993. Calculate the highest common divisor of r and 394.
2
Let n = 1251 + -1240. Let i be (-696)/(-16) + (-1)/(-2). Calculate the greatest common divisor of i and n.
11
Let f = 2494 - 1906. Calculate the greatest common factor of 12 and f.
12
Let i(m) = m + 2. Let a be i(-4). Let x = 1429 - 1438. Let u be (x + -1)*a/4. Calculate the highest common factor of 15 and u.
5
Let v = -17303 - -17323. Calculate the highest common factor of v and 604.
4
Suppose 109*c + 99*c - 169*c - 2184 = 0. Calculate the highest common divisor of c and 6152.
8
Let v = -5013 + 13212. Calculate the highest common divisor of 9 and v.
9
Let o be (-36 - (-2 + 0))*(162 - 164). Calculate the highest common divisor of 2159 and o.
17
Suppose -4*r + 0*z + 128 = -2*z, 0 = -3*r - 2*z + 103. Let t(p) = 7*p**3 - 22*p**2 + 10*p - 12. Let a be t(5). Calculate the highest common factor of a and r.
33
Let r be (19 + (-3)/3)/(7/(-182)*-13). What is the highest common factor of r and 63?
9
Let n = 8303 - 5355. Calculate the highest common factor of 44 and n.
44
Let b be (1 + 422)/(-37 - -36). Let w = b + 459. Calculate the greatest common factor of 18 and w.
18
Let h(v) = v**2 + 11*v + 8. Let c be -2 - (3 - (4 - -1)). Let b be h(c). Calculate the highest common divisor of b and 40.
8
Suppose -q + 5*x = -121 - 134, 2*q - 454 = 2*x. Calculate the highest common factor of 4224 and q.
44
Let c be (-15)/(-2)*((-780)/9)/(-13). Suppose -2*b = -800 - c. Calculate the greatest common factor of 17 and b.
17
Let b be 1 + 370/(-320)*-8*(2 + 6). What is the highest common divisor of 375 and b?
75
Suppose -18*h + 21*h + t - 321 = 0, 0 = -3*t + 9. Suppose -5*f + 151 + h = -k, 6 = -3*k. Calculate the greatest common factor of 17 and f.
17
Let o = -54 - -93. Suppose o = 2*a + 11. Calculate the highest common divisor of 112 and a.
14
Suppose 0 = 5*t - 2*n - 460, 0*t - 2*n - 366 = -4*t. What is the greatest common divisor of 4982 an